 11083
What are the prime factors of 508506?
2, 3, 84751
What are the prime factors of 7590413?
61, 124433
List the prime factors of 962773.
7, 79, 1741
List the prime factors of 630097.
13, 19, 2551
What are the prime factors of 6257269?
823, 7603
What are the prime factors of 15390?
2, 3, 5, 19
List the prime factors of 211594.
2, 47, 2251
List the prime factors of 16027442.
2, 73, 151, 727
What are the prime factors of 236300?
2, 5, 17, 139
List the prime factors of 351183.
3, 7, 2389
List the prime factors of 9711304.
2, 1213913
What are the prime factors of 207117?
3, 2557
What are the prime factors of 5903344?
2, 41, 8999
What are the prime factors of 3882116?
2, 7, 138647
What are the prime factors of 44220645?
3, 5, 7, 79, 1777
What are the prime factors of 998182?
2, 137, 3643
What are the prime factors of 2693749?
2693749
List the prime factors of 1940484.
2, 3, 7, 13, 1777
List the prime factors of 193421.
127, 1523
List the prime factors of 383096.
2, 7, 6841
List the prime factors of 1206692.
2, 301673
List the prime factors of 1582716.
2, 3, 131893
List the prime factors of 190190.
2, 5, 7, 11, 13, 19
List the prime factors of 5449141.
641, 8501
What are the prime factors of 1688441?
397, 4253
List the prime factors of 172846.
2, 86423
What are the prime factors of 2858608?
2, 53, 3371
What are the prime factors of 26773275?
3, 5, 356977
What are the prime factors of 3899885?
5, 11, 17, 43, 97
List the prime factors of 9546981.
3, 839, 3793
What are the prime factors of 140839?
140839
What are the prime factors of 19903321?
19903321
List the prime factors of 3034329.
3, 1011443
List the prime factors of 265420.
2, 5, 23, 577
What are the prime factors of 62938?
2, 31469
What are the prime factors of 3481565?
5, 696313
What are the prime factors of 20183588?
2, 5045897
What are the prime factors of 26166066?
2, 3, 4361011
What are the prime factors of 347403?
3, 7, 71, 233
What are the prime factors of 42427?
7, 11, 19, 29
What are the prime factors of 1967965?
5, 393593
What are the prime factors of 54552?
2, 3, 2273
What are the prime factors of 4715805?
3, 5, 23, 13669
What are the prime factors of 1091810?
2, 5, 23, 47, 101
List the prime factors of 5578800.
2, 3, 5, 4649
List the prime factors of 25941587.
7, 3705941
List the prime factors of 6003989.
23, 261043
List the prime factors of 728051.
311, 2341
List the prime factors of 2124641.
281, 7561
What are the prime factors of 4267784?
2, 113, 4721
List the prime factors of 10083543.
3, 43, 78167
What are the prime factors of 639414?
2, 3, 3947
List the prime factors of 2850985.
5, 17, 1973
What are the prime factors of 2502980?
2, 5, 125149
List the prime factors of 3613058.
2, 163, 11083
What are the prime factors of 4542235?
5, 19, 137, 349
List the prime factors of 10194123.
3, 1259, 2699
List the prime factors of 1135650.
2, 3, 5, 67, 113
List the prime factors of 649864.
2, 81233
What are the prime factors of 42876?
2, 3, 397
List the prime factors of 40247081.
7, 439, 1871
List the prime factors of 2592619.
17, 8971
List the prime factors of 4224356.
2, 1056089
List the prime factors of 6916272.
2, 3, 11, 13099
What are the prime factors of 14104?
2, 41, 43
What are the prime factors of 4699385?
5, 199, 4723
What are the prime factors of 863732?
2, 181, 1193
List the prime factors of 32660.
2, 5, 23, 71
What are the prime factors of 8717427?
3, 59, 16417
What are the prime factors of 707065?
5, 141413
List the prime factors of 16882359.
3, 13, 43, 10067
What are the prime factors of 3191709?
3, 1063903
List the prime factors of 15572550.
2, 3, 5, 7, 14831
What are the prime factors of 58823?
59, 997
What are the prime factors of 530402?
2, 163, 1627
What are the prime factors of 27488847?
3, 17, 31, 17387
What are the prime factors of 5122037?
31, 127, 1301
What are the prime factors of 1413419?
7, 23, 8779
List the prime factors of 834017.
37, 22541
List the prime factors of 28944832.
2, 7, 64609
List the prime factors of 1510991.
1510991
What are the prime factors of 393931?
393931
List the prime factors of 6616922.
2, 13, 157, 1621
What are the prime factors of 7901833?
29, 272477
What are the prime factors of 366215?
5, 73243
List the prime factors of 317509.
17, 19, 983
List the prime factors of 14059477.
14059477
List the prime factors of 344085.
3, 5, 7, 29, 113
What are the prime factors of 16393604?
2, 41, 99961
What are the prime factors of 4923437?
1471, 3347
List the prime factors of 9235680.
2, 3, 5, 71, 271
List the prime factors of 1283912.
2, 7, 101, 227
List the prime factors of 9952533.
3, 59, 18743
List the prime factors of 3836116.
2, 43, 22303
List the prime factors of 195118.
2, 7, 11, 181
List the prime factors of 84368.
2, 5273
List the prime factors of 314704.
2, 13, 17, 89
List the prime factors of 518510.
2, 5, 19, 2729
List the prime factors of 744560.
2, 5, 41, 227
List the prime factors of 442745.
5, 73, 1213
List the prime factors of 926886.
2, 3, 241, 641
List the prime factors of 10584203.
7, 1512029
List the prime factors of 462895.
5, 43, 2153
What are the prime factors of 1445336?
2, 180667
List the prime factors of 20086265.
5, 17, 67, 3527
What are the prime factors of 400925?
5, 7, 29, 79
What are the prime factors of 316547?
7, 11, 4111
What are the prime factors of 351225?
3, 5, 7, 223
What are the prime factors of 1257227?
431, 2917
What are the prime factors of 554146?
2, 277073
List the prime factors of 1637267.
197, 8311
List the prime factors of 172063.
23, 7481
List the prime factors of 11043844.
2, 7, 137, 2879
What are the prime factors of 408684?
2, 3, 34057
What are the prime factors of 324359?
7, 46337
List the prime factors of 109274.
2, 11, 4967
What are the prime factors of 598310?
2, 5, 19, 47, 67
What are the prime factors of 1054589?
31, 34019
List the prime factors of 229997.
127, 1811
List the prime factors of 3778138.
2, 7, 13, 20759
List the prime factors of 284.
2, 71
What are the prime factors of 23700222?
2, 3, 7, 13, 53
What are the prime factors of 8503319?
11, 773029
List the prime factors of 1285100.
2, 5, 71, 181
What are the prime factors of 78086?
2, 39043
What are the prime factors of 1285459?
7, 183637
What are the prime factors of 347320?
2, 5, 19, 457
What are the prime factors of 966585?
3, 5, 64439
What are the prime factors of 4853846?
2, 29, 53, 1579
List the prime factors of 60292.
2, 15073
What are the prime factors of 19034880?
2, 3, 5, 4957
What are the prime factors of 1392681?
3, 19, 53, 461
What are the prime factors of 2945237?
37, 79601
List the prime factors of 610437.
3, 67, 3037
What are the prime factors of 5934610?
2, 5, 11, 53951
What are the prime factors of 141266?
2, 23, 37, 83
List the prime factors of 242700.
2, 3, 5, 809
List the prime factors of 320417.
320417
List the prime factors of 207619.
207619
List the prime factors of 21485216.
2, 173, 3881
What are the prime factors of 120896?
2, 1889
What are the prime factors of 531096?
2, 3, 22129
What are the prime factors of 2101362?
2, 3, 19, 18433
List the prime factors of 2798092.
2, 11, 19, 3347
List the prime factors of 847699.
29, 29231
What are the prime factors of 28479743?
17, 1675279
What are the prime factors of 10440605?
5, 7, 298303
List the prime factors of 331684.
2, 101, 821
What are the prime factors of 8730411?
3, 2910137
What are the prime factors of 1115999?
17, 65647
List the prime factors of 315624.
2, 3, 13151
What are the prime factors of 1377704?
2, 172213
What are the prime factors of 378166?
2, 23, 8221
List the prime factors of 256186.
2, 7, 29, 631
What are the prime factors of 29093339?
11, 2644849
What are the prime factors of 143607?
3, 47869
What are the prime factors of 2733959?
61, 44819
What are the prime factors of 235139?
83, 2833
List the prime factors of 275746.
2, 137873
List the prime factors of 318274.
2, 11, 17, 23, 37
List the prime factors of 9782374.
2, 7, 331, 2111
List the prime factors of 62560.
2, 5, 17, 23
List the prime factors of 1978581.
3, 11, 59957
What are the prime factors of 462844?
2, 251, 461
List the prime factors of 162942.
2, 3, 13, 2089
List the prime factors of 614136.
2, 3, 25589
What are the prime factors of 1921031?
7, 47, 5839
What are the prime